{"id":6791,"date":"2018-12-31T01:03:38","date_gmt":"2018-12-31T04:03:38","guid":{"rendered":"https:\/\/wright.cl\/sitio\/?page_id=6791"},"modified":"2026-04-01T15:46:28","modified_gmt":"2026-04-01T18:46:28","slug":"alejandra-wright","status":"publish","type":"page","link":"https:\/\/wright.cl\/sitio\/alejandra-wright\/","title":{"rendered":"Alejandra Wright"},"content":{"rendered":"<section class=\"l-section wpb_row height_medium\"><div class=\"l-section-h i-cf\"><div class=\"g-cols vc_row via_grid cols_1 laptops-cols_inherit tablets-cols_inherit mobiles-cols_1 valign_top type_default stacking_default\"><div class=\"wpb_column vc_column_container us_custom_8e98bef9\"><div class=\"vc_column-inner\"><div class=\"g-cols wpb_row via_grid cols_2-3 laptops-cols_inherit tablets-cols_1 mobiles-cols_1 valign_top type_default stacking_default\" style=\"--columns-gap:3rem;\"><div class=\"wpb_column vc_column_container\"><div class=\"vc_column-inner\"><h2 class=\"w-text\"><span class=\"w-text-h\"><span class=\"w-text-value\">Alejandra Wright<\/span><\/span><\/h2><h5 class=\"w-text\"><span class=\"w-text-h\"><span class=\"w-text-value\">Directora Ejecutiva<\/span><\/span><\/h5><div class=\"w-separator size_medium\"><\/div><div class=\"wpb_text_column\"><div class=\"wpb_wrapper\"><p>Soy Alejandra, fundadora y directora ejecutiva de WRIGHT. Mi experiencia abarca diversas organizaciones en las que he apoyado procesos de desarrollo de talentos. De nacionalidad chilena, soy licenciada en educaci\u00f3n, coach ontol\u00f3gico acreditada, Agile Coach, diplomada en Educaci\u00f3n Emocional y Coaching, y tengo un M\u00e1ster en Coaching Directivo y Liderazgo de la Universidad de Barcelona.<\/p>\n<\/div><\/div><\/div><\/div><div class=\"wpb_column vc_column_container\"><div class=\"vc_column-inner\"><div class=\"wpb_text_column\"><div class=\"wpb_wrapper\"><p>Mi formaci\u00f3n inicial fue como administradora de personal en la Universidad de Santiago, complementada con estudios en marketing, publicidad, gesti\u00f3n de personas y coaching avanzado. Con cerca de 20 a\u00f1os de experiencia, he facilitado procesos de aprendizaje en empresas de diversos sectores y tama\u00f1os como Nestl\u00e9, Arauco, Air Products, CCU, TECK, Falabella y CMP, entre otras.<\/p>\n<p>Estoy certificada internacionalmente como analista de comportamientos, motivadores e inteligencia emocional por TTI Success Insights. Adem\u00e1s, soy editora de diversos blogs y me he especializado en m\u00faltiples metodolog\u00edas de facilitaci\u00f3n y coaching, incluyendo CoachingPlay, Assessments Game, Thinking Dimensions, Art of Hosting, Gestalt Empowerment, Neuroherramientas Integrales, Din\u00e1micas Online, Regulaci\u00f3n Emocional, Seguridad Psicol\u00f3gica y Presentaciones a trav\u00e9s de Storytelling.<\/p>\n<div class=\"flex flex-grow flex-col max-w-full\">\n<div class=\"min-h-&#091;20px&#093; text-message flex flex-col items-start whitespace-pre-wrap break-words &#091;.text-message+&amp;&#093;:mt-5 juice:w-full juice:items-end overflow-x-auto gap-3\" dir=\"auto\" data-message-author-role=\"assistant\" data-message-id=\"38d0a04b-e215-4541-8815-8ed26334a179\">\n<div class=\"markdown prose w-full break-words dark:prose-invert light\">\n<p>Soy facilitadora certificada del programa internacional The Complete Leader, fundadora del International Talent Group (ITG) y creadora de programas como Fortaleciendo L\u00edderes, Team Empowerment, Mentoring &amp; Coaching, Communication &amp; Team Insights y Trainer The Trainers.<\/p>\n<\/div>\n<\/div>\n<\/div>\n<\/div><\/div><\/div><\/div><\/div><\/div><\/div><\/div><\/div><\/section><section class=\"l-section wpb_row height_medium\"><div class=\"l-section-h i-cf\"><div class=\"g-cols vc_row via_grid cols_2 laptops-cols_inherit tablets-cols_inherit mobiles-cols_1 valign_middle type_default stacking_default\" style=\"--columns-gap:0rem;\"><div class=\"wpb_column vc_column_container us_custom_9033fdba has_bg_color\"><div class=\"vc_column-inner\"><div class=\"wpb_text_column\"><div class=\"wpb_wrapper\"><h6 style=\"text-align: left;\">\u00ab<span class=\"ui-provider a b c d e f g h i j k l m n o p q r s t u v w x y z ab ac ae af ag ah ai aj ak\" dir=\"ltr\">Creo en un mundo mejor para todos, en que somos m\u00e1s felices y efectivos expandiendo nuestras fortalezas y en que un secreto de la felicidad es ver lo mejor que hay en los otros y en nosotros mismos. Me apasiona acompa\u00f1ar a personas y organizaciones en sus procesos de transformaci\u00f3n y de creaci\u00f3n de las realidades que sue\u00f1an<\/span>\u00ab<\/h6>\n<\/div><\/div><div class=\"w-separator size_medium\"><\/div><div class=\"w-socials us_custom_d6c5e054 color_text shape_circle style_colored hover_none\" style=\"--gap:0.2em;\"><div class=\"w-socials-list\"><div class=\"w-socials-item email\"><a href=\"mailto:alejandra@wright.cl\" class=\"w-socials-item-link\" aria-label=\"Correo electr\u00f3nico\"><span class=\"w-socials-item-link-hover\"><\/span><i class=\"fas fa-envelope\"><\/i><\/a><div class=\"w-socials-item-popup\"><span>Correo electr\u00f3nico<\/span><\/div><\/div><div class=\"w-socials-item facebook\"><a target=\"_blank\" rel=\"nofollow\" href=\"https:\/\/www.facebook.com\/WRIGHTConsultores\/\" class=\"w-socials-item-link\" aria-label=\"Facebook\"><span class=\"w-socials-item-link-hover\"><\/span><i class=\"fab fa-facebook\"><\/i><\/a><div class=\"w-socials-item-popup\"><span>Facebook<\/span><\/div><\/div><div class=\"w-socials-item instagram\"><a target=\"_blank\" rel=\"nofollow\" href=\"https:\/\/www.instagram.com\/WrightConsultores\/\" class=\"w-socials-item-link\" aria-label=\"Instagram\"><span class=\"w-socials-item-link-hover\"><\/span><i class=\"fab fa-instagram\"><\/i><\/a><div class=\"w-socials-item-popup\"><span>Instagram<\/span><\/div><\/div><div class=\"w-socials-item linkedin\"><a target=\"_blank\" rel=\"nofollow\" href=\"https:\/\/www.linkedin.com\/in\/alejandra-wright\/\" class=\"w-socials-item-link\" aria-label=\"LinkedIn\"><span class=\"w-socials-item-link-hover\"><\/span><i class=\"fab fa-linkedin\"><\/i><\/a><div class=\"w-socials-item-popup\"><span>LinkedIn<\/span><\/div><\/div><\/div><\/div><\/div><\/div><div class=\"wpb_column vc_column_container\"><div class=\"vc_column-inner\"><div class=\"w-image has_ratio align_none\"><div class=\"w-image-h\"><div style=\"padding-bottom:100%\"><\/div><img decoding=\"async\" width=\"1024\" height=\"1024\" src=\"https:\/\/wright.cl\/sitio\/wp-content\/uploads\/2024\/05\/39-1024x1024.png\" class=\"attachment-large size-large\" alt=\"\" loading=\"lazy\" \/><\/div><\/div><\/div><\/div><\/div><\/div><\/section>\n","protected":false},"excerpt":{"rendered":"Alejandra WrightDirectora EjecutivaSoy Alejandra, fundadora y directora ejecutiva de WRIGHT. Mi experiencia abarca diversas organizaciones en las que he apoyado procesos de desarrollo de talentos. De nacionalidad chilena, soy licenciada en educaci\u00f3n, coach ontol\u00f3gico acreditada, Agile Coach, diplomada en Educaci\u00f3n Emocional y Coaching, y tengo un M\u00e1ster en Coaching Directivo y Liderazgo de la Universidad...","protected":false},"author":1,"featured_media":0,"parent":0,"menu_order":0,"comment_status":"closed","ping_status":"closed","template":"","meta":{"om_disable_all_campaigns":false,"_monsterinsights_skip_tracking":false,"_monsterinsights_sitenote_active":false,"_monsterinsights_sitenote_note":"","_monsterinsights_sitenote_category":0,"_uf_show_specific_survey":0,"_uf_disable_surveys":false,"footnotes":""},"class_list":["post-6791","page","type-page","status-publish","hentry"],"aioseo_notices":[],"jetpack_sharing_enabled":true,"_links":{"self":[{"href":"https:\/\/wright.cl\/sitio\/wp-json\/wp\/v2\/pages\/6791","targetHints":{"allow":["GET"]}}],"collection":[{"href":"https:\/\/wright.cl\/sitio\/wp-json\/wp\/v2\/pages"}],"about":[{"href":"https:\/\/wright.cl\/sitio\/wp-json\/wp\/v2\/types\/page"}],"author":[{"embeddable":true,"href":"https:\/\/wright.cl\/sitio\/wp-json\/wp\/v2\/users\/1"}],"replies":[{"embeddable":true,"href":"https:\/\/wright.cl\/sitio\/wp-json\/wp\/v2\/comments?post=6791"}],"version-history":[{"count":56,"href":"https:\/\/wright.cl\/sitio\/wp-json\/wp\/v2\/pages\/6791\/revisions"}],"predecessor-version":[{"id":12721,"href":"https:\/\/wright.cl\/sitio\/wp-json\/wp\/v2\/pages\/6791\/revisions\/12721"}],"wp:attachment":[{"href":"https:\/\/wright.cl\/sitio\/wp-json\/wp\/v2\/media?parent=6791"}],"curies":[{"name":"wp","href":"https:\/\/api.w.org\/{rel}","templated":true}]}}