{"id":7680,"date":"2019-04-22T01:41:06","date_gmt":"2019-04-22T05:41:06","guid":{"rendered":"https:\/\/wright.cl\/sitio\/?page_id=7680"},"modified":"2023-10-06T12:36:37","modified_gmt":"2023-10-06T15:36:37","slug":"well-being-at-work","status":"publish","type":"page","link":"https:\/\/wright.cl\/sitio\/well-being-at-work\/","title":{"rendered":"Well-being At Work"},"content":{"rendered":"<section class=\"l-section wpb_row height_medium\" id=\"primerafila\"><div class=\"l-section-h i-cf\"><div class=\"g-cols vc_row via_grid cols_2 laptops-cols_inherit tablets-cols_inherit mobiles-cols_1 valign_top type_default stacking_default\"><div class=\"wpb_column vc_column_container\"><div class=\"vc_column-inner\"><div class=\"w-image align_none\"><div class=\"w-image-h\"><img decoding=\"async\" width=\"800\" height=\"800\" src=\"https:\/\/wright.cl\/sitio\/wp-content\/uploads\/2019\/04\/PORTADA-WBAW-WORKSHOPS.jpg\" class=\"attachment-full size-full\" alt=\"\" loading=\"lazy\" srcset=\"https:\/\/wright.cl\/sitio\/wp-content\/uploads\/2019\/04\/PORTADA-WBAW-WORKSHOPS.jpg 800w, https:\/\/wright.cl\/sitio\/wp-content\/uploads\/2019\/04\/PORTADA-WBAW-WORKSHOPS-400x400.jpg 400w, https:\/\/wright.cl\/sitio\/wp-content\/uploads\/2019\/04\/PORTADA-WBAW-WORKSHOPS-150x150.jpg 150w, https:\/\/wright.cl\/sitio\/wp-content\/uploads\/2019\/04\/PORTADA-WBAW-WORKSHOPS-600x600.jpg 600w, https:\/\/wright.cl\/sitio\/wp-content\/uploads\/2019\/04\/PORTADA-WBAW-WORKSHOPS-300x300.jpg 300w, https:\/\/wright.cl\/sitio\/wp-content\/uploads\/2019\/04\/PORTADA-WBAW-WORKSHOPS-350x350.jpg 350w\" sizes=\"auto, (max-width: 800px) 100vw, 800px\" \/><\/div><\/div><\/div><\/div><div class=\"wpb_column vc_column_container\"><div class=\"vc_column-inner\"><div class=\"wpb_text_column\"><div class=\"wpb_wrapper\"><h2><span style=\"color: #dba403;\"><strong>WELL-BEING AT WORK<\/strong><\/span><\/h2>\n<\/div><\/div><div class=\"w-image align_left\"><div class=\"w-image-h\"><img decoding=\"async\" width=\"300\" height=\"10\" src=\"https:\/\/wright.cl\/sitio\/wp-content\/uploads\/2019\/02\/filete-colores-programas.png\" class=\"attachment-full size-full\" alt=\"\" loading=\"lazy\" \/><\/div><\/div><div class=\"w-separator size_small\"><\/div><div class=\"wpb_text_column\"><div class=\"wpb_wrapper\"><p><span style=\"color: #dba403;\"><strong>Well-being At Work<\/strong><\/span>\u00a0es un programa de desarrollo y fortalecimiento del liderazgo\u00a0 altamente alineado a la cultura, valores y competencias de cada organizaci\u00f3n. Est\u00e1 dise\u00f1ado para acompa\u00f1ar a los l\u00edderes en su transformaci\u00f3n, habilit\u00e1ndoles para que puedan responder con agilidad y efectividad a las necesidades del mundo de hoy y del ma\u00f1ana.<\/p>\n<p style=\"text-align: left;\">El programa de capacitaci\u00f3n est\u00e1 dise\u00f1ado con metodolog\u00edas y herramientas de reconocimiento mundial, generando experiencias de aprendizajes altamente pr\u00e1cticas y aplicables a la realidad de los participantes.<\/p>\n<p><b>\u00bfA QUI\u00c9N EST\u00c1 DIRIGIDO<\/b><b>?<\/b><\/p>\n<p>El programa est\u00e1 dirigido a organizaciones comprometidas en alinear las pr\u00e1cticas de liderazgo a los Valores y Competencias que sustentan su Cultura Organizacional y apalancan su Estrategia. Por tratarse de un programa altamente personalizado y de impacto global en la organizaci\u00f3n, es recomendado tanto para l\u00edderes emergentes, talentos en plan de sucesi\u00f3n, as\u00ed como l\u00edderes clave en la actualidad.<\/p>\n<p>&#8211; Programa Cerrado de Capacitaci\u00f3n para Organizaciones &#8211;<\/p>\n<\/div><\/div><\/div><\/div><\/div><\/div><\/section><section class=\"l-section wpb_row us_custom_19da0ebc has_text_color height_medium\"><div class=\"l-section-h i-cf\"><div class=\"g-cols vc_row via_grid cols_1 laptops-cols_inherit tablets-cols_inherit mobiles-cols_1 valign_top type_default stacking_default\"><div class=\"wpb_column vc_column_container\"><div class=\"vc_column-inner\"><div class=\"wpb_text_column\"><div class=\"wpb_wrapper\"><h2 style=\"text-align: center;\"><strong>SERVICIOS COMPLEMENTARIOS<\/strong><\/h2>\n<\/div><\/div><\/div><\/div><\/div><\/div><\/section><section class=\"l-section wpb_row height_medium\"><div class=\"l-section-h i-cf\"><div class=\"g-cols vc_row via_grid cols_2 laptops-cols_inherit tablets-cols_inherit mobiles-cols_1 valign_top type_default stacking_default\"><div class=\"wpb_column vc_column_container\"><div class=\"vc_column-inner\"><div class=\"wpb_text_column\"><div class=\"wpb_wrapper\"><h2><span style=\"color: #dba403;\"><strong>COACHING INDIVIDUAL<\/strong><\/span><\/h2>\n<\/div><\/div><div class=\"w-separator size_small\"><\/div><div class=\"wpb_text_column\"><div class=\"wpb_wrapper\"><p>Este servicio est\u00e1 dise\u00f1ado para aquellos participantes que requieran un acompa\u00f1amiento personalizado en el desarrollo de competencias de liderazgo y\/o en la obtenci\u00f3n de objetivos, complementando y potenciando su aprendizaje grupal.<\/p>\n<p>M\u00e1s informaci\u00f3n en <a href=\"mailto:info@wright.cl\" target=\"_blank\" rel=\"noopener\"><em><strong>info@wright.cl<\/strong><\/em><\/a><\/p>\n<\/div><\/div><div class=\"w-separator size_medium with_line width_default thick_2 style_dotted color_border align_center\"><div class=\"w-separator-h\"><\/div><\/div><div class=\"wpb_text_column\"><div class=\"wpb_wrapper\"><h2><span style=\"color: #dba403;\"><strong>COACHING GRUPAL<\/strong><\/span><\/h2>\n<\/div><\/div><div class=\"w-separator size_small\"><\/div><div class=\"wpb_text_column\"><div class=\"wpb_wrapper\"><p>El coaching grupal es una poderosa herramienta personalizada de aprendizaje que permite obtener lo mejor de la metodolog\u00eda del coaching as\u00ed como de la vivencia del contexto grupal.<\/p>\n<p>Su objetivo es desbloquear y elevar el potencial de los participantes, y acompa\u00f1arlos en la generaci\u00f3n de nuevas y m\u00e1s oportunidades para el logro de sus objetivos, a trav\u00e9s de la inclusi\u00f3n de nuevas distinciones y herramientas.<\/p>\n<p>M\u00e1s informaci\u00f3n en <a href=\"mailto:info@wright.cl\" target=\"_blank\" rel=\"noopener\"><em><strong>info@wright.cl<\/strong><\/em><\/a><\/p>\n<\/div><\/div><\/div><\/div><div class=\"wpb_column vc_column_container\"><div class=\"vc_column-inner\"><p class=\"wpcf7-contact-form-not-found\"><strong>Error:<\/strong> Formulario de contacto no encontrado.<\/p><\/div><\/div><\/div><\/div><\/section><section class=\"l-section wpb_row height_medium color_secondary\"><div class=\"l-section-h i-cf\"><div class=\"g-cols vc_row via_grid cols_1 laptops-cols_inherit tablets-cols_inherit mobiles-cols_1 valign_top type_default stacking_default\"><div class=\"wpb_column vc_column_container\"><div class=\"vc_column-inner\"><div class=\"w-actionbox us_custom_f2a8f033 color_secondary controls_right\"><div class=\"w-actionbox-text\"><h3 class=\"w-actionbox-title\">SUSCR\u00cdBETE A NUESTRO NEWSLETTER AQU\u00cd:<\/h3><div class=\"w-actionbox-description\"><p>ENT\u00c9RATE DE LAS NOVEDADES QUE TENEMOS PARA TI.<\/p>\n<\/div><\/div><div class=\"w-actionbox-controls\"><a class=\"w-btn us-btn-style_25 icon_atright\" target=\" _blank\" rel=\"nofollow\" href=\"http:\/\/eepurl.com\/ge3prP\" style=\"font-size:20px;\"><span class=\"w-btn-label\">SUSCRIBIR AL NEWSLETTER<\/span><i class=\"fas fa-chevron-right\"><\/i><\/a><\/div><\/div><\/div><\/div><\/div><\/div><\/section>\n","protected":false},"excerpt":{"rendered":"WELL-BEING AT WORK Well-being At Work\u00a0es un programa de desarrollo y fortalecimiento del liderazgo\u00a0 altamente alineado a la cultura, valores y competencias de cada organizaci\u00f3n. Est\u00e1 dise\u00f1ado para acompa\u00f1ar a los l\u00edderes en su transformaci\u00f3n, habilit\u00e1ndoles para que puedan responder con agilidad y efectividad a las necesidades del mundo de hoy y del ma\u00f1ana. El...","protected":false},"author":1,"featured_media":0,"parent":0,"menu_order":0,"comment_status":"closed","ping_status":"closed","template":"","meta":{"om_disable_all_campaigns":false,"_monsterinsights_skip_tracking":false,"_monsterinsights_sitenote_active":false,"_monsterinsights_sitenote_note":"","_monsterinsights_sitenote_category":0,"_uf_show_specific_survey":0,"_uf_disable_surveys":false,"footnotes":""},"class_list":["post-7680","page","type-page","status-publish","hentry"],"aioseo_notices":[],"jetpack_sharing_enabled":true,"_links":{"self":[{"href":"https:\/\/wright.cl\/sitio\/wp-json\/wp\/v2\/pages\/7680","targetHints":{"allow":["GET"]}}],"collection":[{"href":"https:\/\/wright.cl\/sitio\/wp-json\/wp\/v2\/pages"}],"about":[{"href":"https:\/\/wright.cl\/sitio\/wp-json\/wp\/v2\/types\/page"}],"author":[{"embeddable":true,"href":"https:\/\/wright.cl\/sitio\/wp-json\/wp\/v2\/users\/1"}],"replies":[{"embeddable":true,"href":"https:\/\/wright.cl\/sitio\/wp-json\/wp\/v2\/comments?post=7680"}],"version-history":[{"count":2,"href":"https:\/\/wright.cl\/sitio\/wp-json\/wp\/v2\/pages\/7680\/revisions"}],"predecessor-version":[{"id":11497,"href":"https:\/\/wright.cl\/sitio\/wp-json\/wp\/v2\/pages\/7680\/revisions\/11497"}],"wp:attachment":[{"href":"https:\/\/wright.cl\/sitio\/wp-json\/wp\/v2\/media?parent=7680"}],"curies":[{"name":"wp","href":"https:\/\/api.w.org\/{rel}","templated":true}]}}